 (base 8) to base 15
149d
-736 (base 10) to base 4
-23200
Convert 847a (base 11) to base 13.
5150
Convert 1071 (base 10) to base 7.
3060
1000401 (base 5) to base 2
11110101101110
Convert -674 (base 13) to base 5.
-13414
Convert -3122221 (base 4) to base 7.
-55540
Convert -1354 (base 8) to base 9.
-1021
Convert -1111100110010 (base 2) to base 10.
-7986
60 (base 16) to base 10
96
-32142 (base 5) to base 3
-2222110
-6628 (base 13) to base 12
-829a
Convert 150 (base 15) to base 9.
363
Convert 1a53 (base 12) to base 7.
12264
What is 157 (base 12) in base 9?
254
Convert -11452 (base 11) to base 4.
-10002001
What is -3212 (base 11) in base 16?
-1098
What is -14774 (base 9) in base 7?
-41323
What is -1120 (base 3) in base 10?
-42
Convert 2232002 (base 4) to base 7.
44321
10404 (base 5) to base 15
339
-6482 (base 13) to base 5
-421324
What is 240550 (base 6) in base 14?
78c2
-2012111101 (base 3) to base 7
-240310
Convert -111010110100 (base 2) to base 4.
-322310
5ca7 (base 14) to base 4
3331123
Convert 8381 (base 11) to base 7.
44235
What is -8a7c (base 15) in base 7?
-151422
2a2d (base 14) to base 4
1311001
-100222100 (base 4) to base 9
-113542
717 (base 8) to base 10
463
Convert bcd (base 15) to base 13.
12a3
507 (base 12) to base 13
43c
What is -68 (base 11) in base 12?
-62
Convert -38304 (base 9) to base 11.
-183a0
Convert -52462 (base 7) to base 6.
-135511
Convert 7828 (base 13) to base 14.
6177
-10443 (base 5) to base 7
-2116
What is 1101100011 (base 2) in base 4?
31203
Convert 126102 (base 7) to base 10.
23718
What is 14430 (base 5) in base 11?
a28
Convert 100110011011 (base 2) to base 9.
3332
-23032320 (base 4) to base 9
-70100
Convert 19e (base 16) to base 3.
120100
-100100111111010 (base 2) to base 12
-ab62
Convert -11101100 (base 2) to base 7.
-455
What is -1e74 (base 15) in base 14?
-25bc
Convert 11011 (base 3) to base 15.
77
What is -138 (base 9) in base 10?
-116
17a (base 16) to base 12
276
Convert -2211200211 (base 3) to base 11.
-3900a
4133 (base 7) to base 13
872
What is 681 (base 13) in base 8?
2137
Convert -57cb (base 13) to base 8.
-30057
What is -3403 (base 5) in base 9?
-581
Convert -21a (base 15) to base 2.
-111011011
100012 (base 5) to base 14
11da
-3246 (base 8) to base 4
-122212
443 (base 15) to base 7
2544
What is 10011001 (base 2) in base 8?
231
What is 4758 (base 9) in base 14?
1408
-7507 (base 8) to base 11
-2a36
What is -111001011010 (base 2) in base 7?
-13466
Convert -e318 (base 16) to base 3.
-2221202012
-5829 (base 12) to base 5
-303300
What is -805 (base 12) in base 6?
-5205
-4a60 (base 12) to base 11
-6369
Convert -4201 (base 5) to base 6.
-2315
-13432 (base 5) to base 7
-3154
-1033312 (base 4) to base 7
-20620
What is 216641 (base 7) in base 14?
ddc8
What is -36 (base 7) in base 13?
-21
-348 (base 10) to base 6
-1340
Convert -592 (base 16) to base 9.
-1854
Convert -12311 (base 4) to base 6.
-2005
What is 1054 (base 7) in base 15?
1a7
What is 1944 (base 13) in base 7?
14001
-31d6 (base 14) to base 2
-10000110101000
What is -14707 (base 11) in base 14?
-7831
-144043 (base 6) to base 2
-11011000011011
-1149 (base 10) to base 9
-1516
-7560 (base 10) to base 15
-2390
26110 (base 9) to base 13
800a
What is 7d6 (base 16) in base 15?
8db
-4788 (base 13) to base 4
-2131203
Convert -351 (base 12) to base 5.
-3433
-1112012 (base 3) to base 11
-921
38 (base 15) to base 4
311
-3bb1 (base 13) to base 8
-20622
a5b9 (base 12) to base 10
18141
What is -19db (base 15) in base 13?
-2723
4b03 (base 13) to base 12
61b6
2421 (base 6) to base 2
1001001101
What is 14526 (base 9) in base 11?
7496
Convert -169b (base 14) to base 2.
-111111011001
Convert -30cc (base 14) to base 7.
-33345
-3114 (base 6) to base 4
-22312
-303230 (base 6) to base 8
-57002
317 (base 9) to base 10
259
-5252 (base 7) to base 15
-835
What is -123242 (base 5) in base 4?
-1023112
1043 (base 7) to base 11
310
What is 100202 (base 3) in base 4?
10013
What is -2420 (base 5) in base 6?
-1400
What is 110010000100111 (base 2) in base 6?
314411
What is -2276 (base 14) in base 13?
-2954
-7da2 (base 14) to base 12
-1080a
567 (base 8) to base 9
456
Convert 385 (base 12) to base 3.
201202
743 (base 10) to base 3
1000112
7853 (base 11) to base 8
24147
5a88 (base 11) to base 14
2c89
-11016 (base 9) to base 5
-213210
What is -122211 (base 4) in base 13?
-a0b
1044122 (base 6) to base 15
1096e
Convert -3185 (base 10) to base 9.
-4328
1c80 (base 14) to base 16
1458
What is 1972 (base 12) in base 13?
1553
What is 23035 (base 7) in base 3?
22000221
Convert -20202012 (base 4) to base 11.
-24293
What is 1576 (base 11) in base 14?
a43
What is -122011 (base 5) in base 9?
-6315
-dcd (base 16) to base 9
-4755
Convert 2416 (base 7) to base 12.
627
-3110 (base 5) to base 10
-405
1101122 (base 4) to base 15
1825
What is -31032 (base 4) in base 5?
-11341
Convert -576 (base 14) to base 2.
-10000111100
What is -1001100011 (base 2) in base 5?
-4421
-147 (base 14) to base 5
-2014
Convert 2b (base 13) to base 14.
29
-342 (base 9) to base 8
-431
16486 (base 12) to base 16
7c26
What is 227 (base 8) in base 15?
a1
-a3a1 (base 14) to base 8
-67011
-201442 (base 5) to base 13
-2c5a
Convert 2102323 (base 5) to base 6.
424413
2dc4 (base 16) to base 6
130124
-4145 (base 8) to base 7
-6160
Convert 1b46 (base 14) to base 10.
4962
What is -110 (base 6) in base 5?
-132
What is -12145 (base 13) in base 9?
-50457
Convert 48a (base 11) to base 2.
1001000110
Convert 350435 (base 6) to base 4.
13110113
1044 (base 5) to base 7
302
-120113 (base 6) to base 8
-24255
What is -20a (base 14) in base 16?
-192
104 (base 11) to base 15
85
What is 1220102 (base 4) in base 9?
10135
What is -6711 (base 9) in base 8?
-11527
Convert -1065 (base 8) to base 10.
-565
What is 33321 (base 4) in base 7?
2652
Convert 50405 (base 6) to base 16.
19e5
Convert 1100001010000 (base 2) to base 4.
1201100
7d9 (base 16) to base 7
5600
-5551 (base 11) to base 15
-227b
What is -61c8 (base 13) in base 5?
-413030
1e4 (base 16) to base 5
3414
275d (base 16) to base 10
10077
What is 11101 (base 4) in base 16?
151
c588 (base 16) to base 8
142610
140311 (base 5) to base 8
13112
What is -8308 (base 9) in base 3?
-22100022
210011 (base 3) to base 15
281
What is -f8 (base 16) in base 4?
-3320
What is -575 (base 9) in base 15?
-218
What is -4346 (base 8) in base 4?
-203212
Convert 2bc1 (base 13) to base 15.
1d75
What is -6ac (base 16) in base 7?
-4660
a67 (base 13) to base 11
1374
What is 4626 (base 7) in base 5?
23221
What is -313 (base 5) in base 13?
-65
Convert bdc8 (base 14) to base 13.
11c95
What is 627 (base 9) in base 10?
511
Convert -5849 (base 14) to base 4.
-3233321
What is 142524 (base 6) in base 3?
200122021
24614 (base 7) to base 4
1211033
8306 (base 9) to base 7
23505
What is bbb1 (base 14) in base 4?
13323233
Convert 1404430 (base 5) to base 2.
111000001000100
1656 (base 7) to base 14
366
1202022001 (base 3) to base 6
423344
Convert -70a (base 15) to base 14.
-813
What is 1052 (base 8) in base 5?
4204
Convert -78a5 (base 11) to base 10.
-10400
Convert 10221200 (base 3) to base 7.
11253
59c (base 15) to base 13
76b
What is 100001000 (base 2) in base 14?
14c
What is 1001011001 (base 2) in base 6?
2441
Convert -5503 (base 7) to base 14.
-a03
-266136 (base 7) to base 8
-141752
-11615 (base 7) to base 6
-22042
What is -207 (base 13) in base 3?
-110210
-2c09 (base 14) to base 6
-100201
-15585 (base 14) to base 11
-36aa4
Convert -1001100000110 (base 2) to base 3.
-20200101
27836 (base 9) to base 14
6c66
What is 21334 (base 11) in base 10?
31013
Convert 2140 (base 11) to base 8.
5413
Convert 28e (base 15) to base 6.
2412
Convert -7722 (base 8) to base 14.
-1694
Convert -2011 (base 6) to base 12.
-307
What is -1a73 (base 15) in base 3?
-21212100
-200210 (base 3) to base 10
-507
What is 56572 (base 9) in base 13?
141a1
Convert -8268 (base 10) to base 9.
-12306
681 (base 10) to base 7
1662
What is 10423 (base 7) in base 10?
2614
252355 (base 7) to base 5
2441432
865 (base 12) to base 9
1615
Convert -1011 (base 3) to base 9.
-34
Convert 1a6 (base 11) to base 13.
153
1111100 (base 5) to base 12
b371
4040 (base 5) to base 14
292
-123000 (base 4) to base 11
-1331
-110010 (base 3) to base 10
-327
Convert 3602 (base 8) to base 9.
2565
What is -1100111100 (